p = -4*f + 1083, 2*f = 2*p - 6*p + 538. What is the tens digit of f?
7
Let g(x) = 1583*x**3 + 1. What is the hundreds digit of g(1)?
5
What is the tens digit of -7 + (-8)/(-2) + 619?
1
Suppose h = -3*z - 0*z + 4, 2*h = 4*z - 2. Let w = 123 - h. What is the units digit of w?
2
Let j = 2 + 6. Suppose -j*b + 3*b + 10 = -5*y, 4*b - 38 = -2*y. What is the units digit of b?
7
Suppose -3*f = 26 - 35. Suppose -v - 3*v = 3*r - 464, -3*v + f*r + 348 = 0. What is the tens digit of v?
1
Let k(m) = -2*m - 9. Let u be k(-5). Let t be 2 - u - (-10)/(-5). Let v(h) = -42*h**3 + h**2 - h - 1. What is the tens digit of v(t)?
4
Let r be (-2)/(-15) + (-244)/30. Let k(v) = -14*v - 13. What is the tens digit of k(r)?
9
Suppose 45888 = 34*h + 10970. What is the tens digit of h?
2
Let j(f) = 3 - 7 - 3*f**2 - 2*f**3 + 3*f**3 + f - f**2. Let u(k) = -3*k**3 + 9*k**2 - 2*k + 8. Let w(n) = 5*j(n) + 2*u(n). What is the tens digit of w(-4)?
2
Suppose 220 = 2*x - 4*i, 2*i - 12 = -2. Let p = -47 + x. What is the tens digit of p?
7
Suppose -217*l + 232*l - 42210 = 0. What is the units digit of l?
4
Let a = 8 + -5. Suppose -5*q + 3*d = 14, 3*q - a*d = -0*d - 6. Let c(o) = -7*o - 3. What is the units digit of c(q)?
5
What is the hundreds digit of ((-456)/133)/(1/(-133))?
4
Let i = 347 - -291. What is the hundreds digit of i?
6
What is the hundreds digit of 8 + 4 + 313 + -3?
3
Let f be 30/(6*3/9). Let h = f + -20. What is the units digit of (-3 + (-11)/h)*-45?
6
Let n = 284 - 162. Suppose 2*a = -4*x + 168, 5*x + 4*a - n - 88 = 0. What is the tens digit of x?
4
Suppose -18*a = -14*a - 120. Let q = 100 - a. What is the tens digit of q?
7
Let r be -4 + (-12572)/(-91) - 4/26. Let z = -71 + r. What is the units digit of z?
3
Let c(d) be the first derivative of d**4/2 - d**3 - d**2 - 2*d + 9. What is the tens digit of c(5)?
6
Let h = -442 - -259. What is the tens digit of h*(8/12 - 1)?
6
Suppose -10*l + 137 + 423 = 0. What is the units digit of l?
6
Let o be ((-1)/2)/((-2)/480). Suppose -2*i = i + o. Let t = 56 + i. What is the units digit of t?
6
Let r(k) = k**3 - 23*k**2 + 21*k + 21. Let i be r(22). What is the tens digit of (3 - 149 - -2)*i?
4
Let w be (-40)/(-22) + 26/143. Suppose -w*b = 10, 0 = q - 2*b - 2*b - 194. What is the tens digit of q?
7
Let k = -33 - -3. Suppose 7*f = 12*f + 50. Let x = f - k. What is the units digit of x?
0
Let c(g) be the third derivative of -g**5/60 - 7*g**4/8 - 13*g**3/2 + 27*g**2. What is the units digit of c(-15)?
1
Suppose -4*z - 16 = -8*z. What is the tens digit of 81*(-3 + z) - 1?
8
Suppose -8*n + 18452 = 6*n. What is the hundreds digit of n?
3
Suppose -3*r = 2*r - 3*f - 2534, f = -2*r + 1007. Suppose 5*j + 2*s + 495 = s, r = -5*j - 3*s. Let g = -68 - j. What is the units digit of g?
0
Let o be (-6)/((-6)/2 + 4). Let w(r) = -r + 8. What is the units digit of w(o)?
4
Let l be ((-35)/4)/((-1)/4). Let i(a) = -a + 9. Let y be i(-12). Suppose -l = -4*b + y. What is the tens digit of b?
1
Let z(p) = p**3 + 21*p**2 + 26*p - 25. What is the units digit of z(-19)?
3
Let k(a) = -4*a**2 - 10*a - 10. Let q(z) = -z**2 - z - 1. Let j(i) = k(i) - 5*q(i). What is the tens digit of j(-7)?
7
Let m be (12/(-9))/((-4)/6). Suppose -42 = t - m. What is the units digit of (2/(-2))/(4/t)?
0
Suppose 0 = 3*p - b + 4, -4*p + 3*b = -2*b + 9. Let c(a) = -58*a + 2. What is the units digit of c(p)?
0
Let b(l) = -l. Let q be b(2). Let k be (q - -1)/((-5)/(-40)). Let t = 17 + k. What is the units digit of t?
9
Suppose 5*u + v + 1524 = 0, 114 + 1090 = -4*u + 3*v. Let q = u - -459. Suppose 2*x - 155 = -5*o, 4*o - 3*x - q = -o. What is the units digit of o?
1
Let g be (4 - 4)*(-1)/(-2). Suppose -j + 34 = -5*i, -5*j - 3*i = -g*i - 30. Let z = j - 2. What is the units digit of z?
7
Suppose 5 = -4*t - 3*f, -3*f = 2*t - 6*t - 11. Let c(v) = -4*v - v**3 - 3 - 4*v**3 + v + 4*v**3. What is the tens digit of c(t)?
1
Suppose 4*c = -c - 3*j + 12606, -j = -4*c + 10095. What is the units digit of c?
3
Let u(b) = -b**3 - 7*b**2 + 119*b - 48. What is the units digit of u(-20)?
2
Suppose 2*z - 4*u - 158 = 0, -7*z + 3*z + 2*u + 310 = 0. Suppose 47 = 4*o - z. Let c = o - 22. What is the units digit of c?
9
Let k(l) = l**3 - 14*l**2 + 20*l - 25. What is the tens digit of k(13)?
6
Suppose -2*p + 3 + 5 = k, -7 = 4*k - 5*p. Suppose 0 = -z - k, 581 = -9*c + 12*c - 4*z. What is the tens digit of c?
9
Let i = 57 - 54. Suppose -185 = i*l - 5*l - 5*m, 0 = l + 5*m - 95. What is the tens digit of l?
9
Let v = 1503 + 624. What is the thousands digit of v?
2
What is the tens digit of 2019*((-14)/147 + 3/7)?
7
Suppose -7 - 11 = -u. Let k(v) = -v**2 + 20*v - 24. What is the units digit of k(u)?
2
Let p(j) = -2*j**3 + 3*j**2 - 5*j. Let y be p(2). Let n = 15 + y. What is the units digit of n?
1
Let p(i) = i**3 - 8*i**2 + 11*i + 8. Let f be p(6). Suppose -65 = -3*t + 2*a, 5*t - 83 = f*a + 28. What is the tens digit of t?
2
Let j = 5491 + -1007. What is the units digit of j?
4
Let d = -53 + 53. Let y(k) = -k**3 - k**2 - 4*k - 24. Let c(v) = 3*v**3 + 3*v**2 + 11*v + 73. Let q(b) = 3*c(b) + 8*y(b). What is the units digit of q(d)?
7
Let w(j) = -j**3 + 17*j**2 + 21*j - 51. Let v be w(18). What is the units digit of v/2*((-2 - -4) + 4)?
9
Let c be (2 - 1) + (5 - -8). Let w = c + -10. What is the units digit of w?
4
Suppose 2*f - 132 = -f. Suppose 4*b - 26 - 6 = -t, -4*b + 2*t + f = 0. What is the units digit of b?
9
Let r be (-2 - 5) + 3 + 7. Suppose 0 = 4*i + 16, -r*i = 4*v - 3*v - 55. What is the units digit of v?
7
Let x be -3*(3 + (-56)/(-12)). Let a = x - -41. What is the units digit of (-6)/a + 140/6?
3
Let h(k) = -31*k - 42. What is the tens digit of h(-8)?
0
Suppose -3*j + 12 = -0. Suppose -g - a - 8 = -4, -2*a + 4 = -j*g. What is the units digit of (g/(-6))/((-3)/(-63))?
7
Let j(z) = -10*z**2 - 7 + 9 + 5 - 9*z - z**3. Let x be j(-9). Let t(n) = 2*n**2 - 11*n + 7. What is the tens digit of t(x)?
2
What is the tens digit of 15/(-3) + 540 + 2?
3
Suppose 5*v - 308 - 72 = 0. Suppose 2*m + t = v, m - 44 + 11 = 2*t. What is the units digit of m?
7
Let i be -5 + 2 - (-1 + 4). What is the tens digit of -2 + i/(-9)*51?
3
Let b(i) = -i**3 + 7*i**2 + 6*i + 18. Let n be b(-5). Let z = -117 + n. What is the units digit of z?
1
Let v = -83 - -102. Let g = v + -15. What is the units digit of g?
4
Let k = -152 - -90. Let c = -20 - k. What is the tens digit of c?
4
Let i be 1*-2*(-1)/2. Let g(p) = -35*p + 16. Let h(v) = -7*v + 3. Let m(b) = 2*g(b) - 11*h(b). What is the units digit of m(i)?
6
Suppose 9*b + 7*b = 1152. What is the units digit of b?
2
Let c = 434 + -274. What is the units digit of c?
0
Let r = -11 - -4. What is the units digit of (-2)/r + (-720)/(-28)?
6
Suppose 36 = q - 5*u, -13*q - 2*u - 82 = -16*q. What is the tens digit of q?
2
Let d = -104 + 291. What is the tens digit of d?
8
Suppose -t + 1 = -1. Let r(j) = -j**2 - 5*j - 2. Let i be r(-3). Suppose 4*a = -i*v + 100 + 56, t*v + 8 = 0. What is the tens digit of a?
4
Let l be (-8 - -4)/(2/(-6)). What is the units digit of (-4 - -1)/(-6)*l?
6
Suppose r - 4*n = -4*r + 322, 4*n + 198 = 3*r. Suppose 0 = -q - q - 10, -r = -i + q. What is the units digit of i?
7
Suppose -22*w = -19*w - 27. Let q be (-2 - -4) + 0 - 0. Suppose 3*z + 3*c - w = 0, q*z = 2*c + 12 + 6. What is the units digit of z?
6
Let z(s) = s**3 - 3*s**2 - 3*s + 4. Let v be z(2). Let d be (-156)/v + (-3 - 0). Let o = 53 - d. What is the units digit of o?
0
Suppose 440 = 4*y - 1324. What is the hundreds digit of y?
4
Let c(j) = 4*j**3 + 4*j**2 + 9*j - 4. What is the tens digit of c(5)?
4
Let z be -1*3 + 1 + 5. Suppose -z*n = -37 - 197. What is the units digit of n?
8
Let y be (-4)/(-22) + (-63)/(-77). Let g be 20/(-6)*(y - -2). What is the units digit of g/(-6)*(-3 + 6)?
5
Let r = -105 - -229. Let i = r + -2. What is the units digit of i?
2
Suppose 1907 + 661 = 4*i. What is the tens digit of i?
4
Suppose 134 = -3*z - 73. What is the units digit of z/(5/(-10) + -1)?
6
Let v = -201 + 351. What is the units digit of v?
0
Let s = -92 - 35. Let q = s + 137. What is the units digit of q?
0
Let b be (24/(-16))/((-2)/4). Let n(a) = 5*a + 5*a**2 - a**3 + 0*a**3 + 0*a - b*a. What is the tens digit of n(4)?
2
Let w(g) = 46*g**2 + 4*g + 4. Suppose 0 = -3*p - 4*n + 6, -14 = p - 7*n + 3*n. What is the hundreds digi